{"id":2,"date":"2011-08-31T16:21:35","date_gmt":"2011-08-31T16:21:35","guid":{"rendered":"http:\/\/localhost\/wordpress\/?page_id=2"},"modified":"2025-04-16T16:36:34","modified_gmt":"2025-04-16T16:36:34","slug":"page-d-exemple","status":"publish","type":"page","link":"https:\/\/www.lesmilleherons.fr\/?page_id=2","title":{"rendered":"La Troupe"},"content":{"rendered":"<p style=\"text-align: justify;\">C&rsquo;est en 1947, \u00e0 St Aubin du plain, qu&rsquo;une troupe th\u00e9\u00e2trale a vu le jour et s&rsquo;est produite sur les planches de sa commune. L&rsquo; Abb\u00e9 Bernard, cur\u00e9 de la paroisse \u00e0 l&rsquo;\u00e9poque, a fond\u00e9 cette troupe et les b\u00e9n\u00e9fices des repr\u00e9sentations revenaient \u00e0 l&rsquo;\u00e9cole priv\u00e9e de la commune. Quelques ann\u00e9es plus tard, la troupe a \u00e9t\u00e9 rattach\u00e9e au \u00ab\u00a0Loisir Club\u00a0\u00bb puis \u00e0 l&rsquo;Association Familles Rurales St Aubin-La Coudre. C&rsquo;est en 1997, \u00e0 l&rsquo;occasion du cinquantenaire du th\u00e9\u00e2tre, que la troupe th\u00e9\u00e2trale de St Aubin est devenue autonome et s&rsquo;est appel\u00e9e \u00ab\u00a0Les Mille H\u00e9rons\u00a0\u00bb.<\/p>\n<p>\u00a0<a href=\"https:\/\/www.lesmilleherons.fr\/wp-content\/uploads\/2011\/08\/1974_redim.jpg\"><img loading=\"lazy\" decoding=\"async\" class=\"size-full wp-image-975 aligncenter\" src=\"https:\/\/www.lesmilleherons.fr\/wp-content\/uploads\/2011\/08\/1974_redim.jpg\" alt=\"1974_redim\" width=\"580\" height=\"406\" srcset=\"https:\/\/www.lesmilleherons.fr\/wp-content\/uploads\/2011\/08\/1974_redim.jpg 580w, https:\/\/www.lesmilleherons.fr\/wp-content\/uploads\/2011\/08\/1974_redim-300x210.jpg 300w\" sizes=\"auto, (max-width: 580px) 100vw, 580px\" \/><\/a><\/p>\n<p style=\"text-align: center;\">La troupe en 1974 avec l&rsquo;Abb\u00e9 Bernard.<\/p>\n\n","protected":false},"excerpt":{"rendered":"<p>C&rsquo;est en 1947, \u00e0 St Aubin du plain, qu&rsquo;une troupe th\u00e9\u00e2trale a vu le jour et s&rsquo;est produite sur les planches de sa commune. L&rsquo; Abb\u00e9 Bernard, cur\u00e9 de la paroisse \u00e0 l&rsquo;\u00e9poque, a fond\u00e9 cette troupe et les b\u00e9n\u00e9fices des repr\u00e9sentations revenaient \u00e0 l&rsquo;\u00e9cole priv\u00e9e de la commune. Quelques ann\u00e9es plus tard, la troupe [&hellip;]<\/p>\n","protected":false},"author":3,"featured_media":975,"parent":0,"menu_order":0,"comment_status":"closed","ping_status":"open","template":"","meta":{"footnotes":""},"class_list":["post-2","page","type-page","status-publish","has-post-thumbnail","hentry"],"featured_image_src":"https:\/\/www.lesmilleherons.fr\/wp-content\/uploads\/2011\/08\/1974_redim.jpg","featured_image_src_square":"https:\/\/www.lesmilleherons.fr\/wp-content\/uploads\/2011\/08\/1974_redim.jpg","rbea_author_info":{"display_name":"Les Mille H\u00e9rons","author_link":"https:\/\/www.lesmilleherons.fr\/?author=3"},"rbea_excerpt_info":"C&rsquo;est en 1947, \u00e0 St Aubin du plain, qu&rsquo;une troupe th\u00e9\u00e2trale a vu le jour et s&rsquo;est produite sur les planches de sa commune. L&rsquo; Abb\u00e9 Bernard, cur\u00e9 de la paroisse \u00e0 l&rsquo;\u00e9poque, a fond\u00e9 cette troupe et les b\u00e9n\u00e9fices des repr\u00e9sentations revenaient \u00e0 l&rsquo;\u00e9cole priv\u00e9e de la commune. Quelques ann\u00e9es plus tard, la troupe [&hellip;]","_links":{"self":[{"href":"https:\/\/www.lesmilleherons.fr\/index.php?rest_route=\/wp\/v2\/pages\/2","targetHints":{"allow":["GET"]}}],"collection":[{"href":"https:\/\/www.lesmilleherons.fr\/index.php?rest_route=\/wp\/v2\/pages"}],"about":[{"href":"https:\/\/www.lesmilleherons.fr\/index.php?rest_route=\/wp\/v2\/types\/page"}],"author":[{"embeddable":true,"href":"https:\/\/www.lesmilleherons.fr\/index.php?rest_route=\/wp\/v2\/users\/3"}],"replies":[{"embeddable":true,"href":"https:\/\/www.lesmilleherons.fr\/index.php?rest_route=%2Fwp%2Fv2%2Fcomments&post=2"}],"version-history":[{"count":22,"href":"https:\/\/www.lesmilleherons.fr\/index.php?rest_route=\/wp\/v2\/pages\/2\/revisions"}],"predecessor-version":[{"id":1838,"href":"https:\/\/www.lesmilleherons.fr\/index.php?rest_route=\/wp\/v2\/pages\/2\/revisions\/1838"}],"wp:featuredmedia":[{"embeddable":true,"href":"https:\/\/www.lesmilleherons.fr\/index.php?rest_route=\/wp\/v2\/media\/975"}],"wp:attachment":[{"href":"https:\/\/www.lesmilleherons.fr\/index.php?rest_route=%2Fwp%2Fv2%2Fmedia&parent=2"}],"curies":[{"name":"wp","href":"https:\/\/api.w.org\/{rel}","templated":true}]}}